f 8?
False
Is 1141800 a multiple of 22?
True
Does 97 divide 99271?
False
Is 9371 a multiple of 11?
False
Does 555 divide 423465?
True
Does 520 divide 2692635?
False
Is 87 a factor of 1322748?
True
Does 516 divide 591852?
True
Is 75040 a multiple of 40?
True
Is 351 a factor of 363578?
False
Is 145097 a multiple of 389?
True
Is 2014466 a multiple of 662?
True
Does 72 divide 16200?
True
Does 31 divide 1966039?
False
Does 7 divide 5246672?
False
Is 30 a factor of 621025?
False
Is 668174 a multiple of 62?
True
Does 100 divide 8657621?
False
Is 33 a factor of 6652800?
True
Is 53 a factor of 82733?
True
Is 3 a factor of 396375?
True
Is 1294092 a multiple of 349?
True
Is 7032960 a multiple of 1056?
True
Is 17 a factor of 139536?
True
Is 86652 a multiple of 64?
False
Is 23 a factor of 120324?
False
Is 44 a factor of 33616?
True
Is 288950 a multiple of 50?
True
Is 197348 a multiple of 412?
True
Is 10794802 a multiple of 369?
False
Does 6 divide 2072622?
True
Does 262 divide 62356?
True
Does 37 divide 70448?
True
Is 7 a factor of 680050?
True
Is 196800 a multiple of 82?
True
Does 12 divide 64416?
True
Is 2726094 a multiple of 14?
True
Does 18 divide 12251?
False
Is 10 a factor of 21872?
False
Does 208 divide 372897?
False
Is 1068142 a multiple of 808?
False
Is 277 a factor of 1537904?
True
Is 497 a factor of 160531?
True
Does 31 divide 4668104?
True
Is 104843 a multiple of 59?
True
Does 7 divide 634668?
False
Does 116 divide 109574?
False
Is 239307 a multiple of 32?
False
Does 10 divide 2165510?
True
Is 182 a factor of 789334?
True
Does 680 divide 2096914?
False
Is 99 a factor of 24125?
False
Is 216 a factor of 968976?
True
Is 1070 a factor of 2798050?
True
Is 23 a factor of 439247?
False
Is 4 a factor of 6364?
True
Is 61 a factor of 137017?
False
Is 3322453 a multiple of 27?
False
Is 43 a factor of 1917413?
True
Is 103 a factor of 98056?
True
Is 26288 a multiple of 400?
False
Does 189 divide 1163673?
True
Is 923 a factor of 3948472?
False
Is 1958653 a multiple of 14?
False
Does 656 divide 7078896?
True
Is 842853 a multiple of 57?
False
Is 59 a factor of 100123?
True
Does 14 divide 632800?
True
Is 146 a factor of 4300?
False
Is 3 a factor of 1520555?
False
Is 21 a factor of 18687817?
False
Is 108 a factor of 158046?
False
Does 21 divide 672607?
False
Does 10 divide 1039591?
False
Is 41 a factor of 38183?
False
Is 6 a factor of 4512108?
True
Is 2611608 a multiple of 519?
True
Is 11 a factor of 31526?
True
Is 405 a factor of 652860?
True
Is 61 a factor of 2061946?
False
Is 312660 a multiple of 10?
True
Is 14 a factor of 56087?
False
Is 14 a factor of 210631?
False
Does 18 divide 122353?
False
Is 6 a factor of 104795?
False
Is 31 a factor of 2539458?
True
Is 6 a factor of 15296?
False
Is 38455 a multiple of 12?
False
Does 8 divide 1436412?
False
Is 12 a factor of 426492?
True
Is 2941803 a multiple of 245?
False
Is 179006 a multiple of 82?
True
Is 10 a factor of 1301170?
True
Does 59 divide 173217?
False
Is 6421389 a multiple of 229?
True
Does 2 divide 25943?
False
Is 8 a factor of 24385?
False
Is 165 a factor of 794560?
False
Is 3934434 a multiple of 15?
False
Does 6 divide 129414?
True
Is 15 a factor of 6323850?
True
Does 106 divide 1113950?
False
Is 8 a factor of 1761064?
True
Is 2047977 a multiple of 58?
False
Is 71 a factor of 108417?
True
Is 593892 a multiple of 18?
True
Does 1460 divide 3817900?
True
Is 1045478 a multiple of 14?
True
Does 1064 divide 11053927?
False
Does 68 divide 4242384?
True
Is 10428488 a multiple of 24?
False
Does 54 divide 470178?
True
Is 2230946 a multiple of 62?
True
Is 157 a factor of 10402568?
False
Does 73 divide 337724?
False
Is 3730650 a multiple of 969?
True
Is 443827 a multiple of 139?
True
Is 694804 a multiple of 22?
True
Is 66 a factor of 1167078?
True
Does 6 divide 276138?
True
Is 11 a factor of 1710760?
False
Does 193 divide 998582?
True
Is 97 a factor of 1057462?
False
Is 284126 a multiple of 38?
True
Is 3466015 a multiple of 47?
True
Is 7 a factor of 10969?
True
Is 29 a factor of 140120?
False
Is 5608595 a multiple of 145?
False
Does 32 divide 167232?
True
Does 7 divide 459895?
False
Is 915840 a multiple of 180?
True
Is 22 a factor of 368720?
True
Is 139636 a multiple of 14?
True
Does 69 divide 559932?
False
Is 28 a factor of 3159995?
False
Is 187957 a multiple of 17?
False
Is 23 a factor of 274206?
True
Is 16670256 a multiple of 585?
False
Is 27048 a multiple of 28?
True
Is 1979278 a multiple of 518?
True
Does 4 divide 76707?
False
Does 25 divide 168550?
True
Is 6560256 a multiple of 8?
True
Is 650556 a multiple of 3?
True
Does 411 divide 771530?
False
Is 8 a factor of 26662490?
False
Is 287 a factor of 163790?
False
Is 1082691 a multiple of 26?
False
Is 51 a factor of 337824?
True
Does 42 divide 3436776?
True
Is 427957 a multiple of 114?
False
Is 367260 a multiple of 20?
True
Is 5 a factor of 221155?
True
Does 30 divide 40470?
True
Is 17 a factor of 473920?
False
Is 2 a factor of 48031?
False
Does 69 divide 215625?
True
Is 2 a factor of 88707?
False
Is 3006620 a multiple of 37?
True
Does 97 divide 48985?
True
Is 656 a factor of 1045008?
True
Is 2342146 a multiple of 312?
False
Is 94061 a multiple of 11?
True
Is 16 a factor of 957071?
False
Is 30 a factor of 14988851?
False
Does 12 divide 98676?
True
Is 257 a factor of 689874?
False
Does 536 divide 106166?
False
Is 63 a factor of 4670238?
False
Does 335 divide 4015980?
True
Is 11 a factor of 1221553?
False
Is 94 a factor of 156226?
False
Does 2 divide 386297?
False
Is 801948 a multiple of 129?
False
Does 860 divide 5510218?
False
Does 82 divide 43296?
True
Is 48 a factor of 62453?
False
Is 227 a factor of 119856?
True
Does 2 divide 308076?
True
Is 31 a factor of 149879?
False
Does 39 divide 408452?
False
Is 1653600 a multiple of 48?
True
Does 124 divide 2239316?
True
Does 990 divide 346979?
False
Is 140640 a multiple of 480?
True
Is 60 a factor of 1342680?
True
Is 3741660 a multiple of 68?
False
Is 68536 a multiple of 268?
False
Is 39 a factor of 4569568?
False
Does 6 divide 5362753?
False
Does 65 divide 89623?
False
Does 529 divide 2346949?
False
Does 331 divide 31521130?
True
Does 301 divide 168368?
False
Does 194 divide 6553208?
False
Is 466 a factor of 1223664?
False
Is 10 a factor of 100310?
True
Does 31 divide 2178298?
False
Is 250873 a multiple of 279?
False
Is 163 a factor of 224978?
False
Is 11 a factor of 57843?
False
Does 303 divide 826281?
True
Does 903 divide 3805242?
True
Is 13272030 a multiple of 15?
True
Does 131 divide 1061624?
True
Is 12 a factor of 1980972?
True
Is 368 a factor of 2060064?
True
Is 38 a factor of 28581?
False
Does 101 divide 336431?
True
Is 20 a factor of 7039443?
False
Is 6541102 a multiple of 19?
False
Is 422298 a multiple of 87?
True
Does 19 divide 8219551?
False
Is 34 a factor of 26860?
True
Is 1271 a multiple of 41?
True
Is 83377 a multiple of 2?
False
Is 294 a factor of 438462?
False
Is 982276 a multiple of 7?
False
Is 57366 a multiple of 8?
False
Is 124794 a multiple of 18?
True
Does 18 divide 9497632?
False
Is 5 a factor of 162068?
False
Does 32 divide 6262656?
True
Is 17127 a multiple of 9?
True
Is 29 a factor of 905032?
True
Does 8 divide 727767?
False
Does 2 divide 3701?
False
Is 1426690 a multiple of 230?
True
Is 16 a factor of 383808?
True
Is 1399 a factor of 7356998?
False
Is 63 a factor of 450135?
True
Does 12 divide 478272?
True
Is 33 a factor of 92136?
True
Is 11 a factor of 391622?
True
Is 670 a factor of 11771514?
False
Is 21518 a multiple of 406?
True
Is 818 a factor of 7147100?
False
Does 77 divide 193655?
True
Is 484299 a multiple of 43?
False
Is 25 a factor of 152453?
False
Does 14 divide 66400?
False
Is 127 a factor of 889?
True
Is 74 a factor of 293780?
True
Is 16 a factor of 611408?
True
Does 4 divide 810644?
True
Does 721 divide 328776?
True
Does 130 divide 4727724?
False
Is 770402 a multiple of 302?
True
Is 34536 a multiple of 12?
True
Is 8 a factor of 3672688?
True
Does 101 divide 26685945?
False
Does 23 divide 616719?
False
Does 719 divide 1038812?
False
Is 27 a factor of 592908?
False
Is 582754 a multiple of 229?
False
Is 450 a factor of 180000?
True
Does 31 divide 680295?
True
Does 17 divide 117827?
True
Is 2657067 a multiple of 203?
True
Is 73 a factor of 31547?
False
Is 1228517 a multiple of